ighest common divisor of y and p?
6
Suppose 0 = -p + q - 2, 0*p - 10 = -5*p - 5*q. Let d(n) = 6 - n**2 + 2*n**2 + n + 0*n. Let u be d(p). What is the highest common divisor of 6 and u?
6
Suppose 3*n + 5*s + 15 = 0, -15 = 2*s + 3*s. Suppose 3*q - 8 - 4 = n, 5*q = -3*l + 38. What is the greatest common divisor of l and 66?
6
Let h(l) = 10*l**2 - l - 1. Let f be h(-1). Let w = 6 - f. Let i be (-24)/w + (0 - 0). Calculate the greatest common divisor of 9 and i.
3
Let t = 6 + -12. Let m = t - -7. Let j be m/(-6)*-3*6. What is the greatest common divisor of j and 15?
3
Let l = -5 + 18. What is the highest common divisor of 104 and l?
13
Let y = 18 - 11. Suppose -2*k + y*k - 15 = 0. Suppose -k*m + 5*h = m - 7, 4*m = -5*h + 57. What is the greatest common factor of m and 16?
8
Suppose 73 = 5*t - i, -t - i = 2*i - 5. Suppose 11*n - 204 = 9*n + 4*b, -5*b - 199 = -2*n. What is the greatest common divisor of t and n?
14
Let q = -96 - -170. Calculate the highest common factor of q and 111.
37
Suppose -v + 6 = 3*q - 7, 4*v + 23 = 3*q. What is the highest common factor of q and 5?
5
Let i be 3/6*(1 - -11). Let s(z) = 10*z + 3. Let m be s(i). Calculate the greatest common divisor of 9 and m.
9
Suppose -2*j = -j. Let w be (j - (-2 - -2)) + 28. Suppose -5*u = 4*o - 214, 235 = 5*u - 2*o + 27. What is the greatest common factor of u and w?
14
Let v be 16/56 - (-19)/7. Suppose 2*k = 4*r - 120, -r - k = v*r - 108. What is the highest common factor of 4 and r?
4
Suppose -2*w - 132 = -13*w. Calculate the greatest common factor of 108 and w.
12
Let h(o) = -o**2 - o**2 - 7*o + 0*o + 7 + o**2. Let z be h(-7). Calculate the greatest common divisor of 7 and z.
7
Let b be 1250/13 + (-6)/39. Calculate the greatest common divisor of b and 12.
12
Let z(m) = 3*m - 3. Let j be z(14). Calculate the highest common divisor of 91 and j.
13
Let a be ((-4)/(-5))/((-24)/(-60)). Let k be a/4 - (-414)/4. Calculate the highest common divisor of 13 and k.
13
Let z(o) = -o + 2. Let c be z(3). Let x = c + 3. Calculate the greatest common divisor of 14 and x.
2
Let z be 6 + 2 + 3 + 1. What is the highest common divisor of 3 and z?
3
Suppose -4*r = 12, 4*h + r - 777 = -0*r. Let c = h + -107. Suppose -10 - 30 = -5*n. What is the highest common factor of n and c?
8
Let l = 8 + -15. Let d(j) = -j**3 - 6*j**2 + j - 2. Let s be d(l). What is the highest common divisor of s and 60?
20
Let k be 0 + 5 - 2 - -16. Let b = -11 + k. Let y = 55 - 15. Calculate the highest common divisor of b and y.
8
Suppose 359 = 3*l - 136. Suppose -3*a = a. Suppose a*m + 30 = 2*m. What is the greatest common divisor of m and l?
15
Let k(w) = -2*w**2 + 7*w + 23. Let n(i) = -3*i**2 + 11*i + 35. Let j(o) = -8*k(o) + 5*n(o). Let u be j(4). Calculate the greatest common factor of 24 and u.
3
Suppose 0 = -4*u + 3*u + 4*y + 6, -3*u + y = -29. Suppose 3*w = -f - 0*w, -3*w = 3. Let z be (-2)/3 - (-32)/f. What is the highest common divisor of u and z?
10
Let g = -7 + 7. Suppose 4*j - 219 - 5 = g. What is the greatest common divisor of j and 14?
14
Let b(g) = 7*g**2 + 4. Let q be b(-2). What is the highest common factor of q and 352?
32
Let a = -23 + 33. Let v = 68 - 38. What is the highest common factor of a and v?
10
Suppose -5*z = 3*t - 153, -2*z - 33 = -5*t + 253. What is the greatest common factor of 8 and t?
8
Suppose 0*y - y + 30 = 3*u, 3*y - 2*u = 79. Let i be -19*y/(-15)*5. Suppose -20 = 4*p, -d - 2*p = -2*d + 29. Calculate the greatest common factor of i and d.
19
Suppose -j + 2*h + 13 = -0, 77 = 5*j + 2*h. What is the highest common factor of j and 15?
15
Let f = 43 - -20. Calculate the highest common factor of f and 7.
7
Let z be -14*(-3 + 45/21). Let m(n) = n**2 - 12*n + 7. Let g be m(z). Calculate the highest common divisor of g and 77.
7
Suppose 0 = -2*g + 6*g + 5*l - 49, 74 = 5*g + 2*l. Suppose -6*f - 4*x = -2*f + g, -4*f + 29 = -5*x. Calculate the highest common divisor of 10 and f.
1
Suppose -2*k - 4*g = -g + 5, -4*k + 2*g = -14. Let y = -2 + 7. Let c(t) = -t**2 + 6*t + 5. Let u be c(y). What is the highest common divisor of u and k?
2
Suppose 20*p - 24*p = -8. Suppose -2*x - 7 = 11. Let r be 33/p*(-12)/x. Calculate the highest common divisor of 198 and r.
22
Let d(a) = -a + 3. Let q be d(4). Let u be 2 - -59 - (-1 + q). Let b(k) = 2*k**2 + 5*k - 3. Let m be b(-4). Calculate the highest common factor of m and u.
9
Let j(p) = -3*p - 3. Suppose m - 10 = 2*r, 5*r + 0*m = 2*m - 24. Let l be j(r). Calculate the greatest common factor of 27 and l.
9
Suppose -2*j - f = 3*f - 100, -f = 5*j - 250. What is the highest common divisor of 25 and j?
25
Suppose -4*k + 40 = -4*a - k, -a - k = 17. Let q = a - -21. What is the highest common factor of 56 and q?
8
Suppose 3*f = -4*w + 30, 2*w - 8 = -3*f + 16. Calculate the highest common factor of f and 114.
6
Suppose -5*w - 4*c = -198, c + 3*c - 72 = -2*w. Calculate the greatest common divisor of 28 and w.
14
Suppose d + 6 + 7 = -2*a, d + 23 = -4*a. Let h = -1 + d. Let i be (-31 + -1)*5/h. What is the greatest common factor of 8 and i?
8
Let f = 24 + -16. Let w be f/12 - 37/(-3). Calculate the highest common divisor of w and 104.
13
Let v(u) = 8*u**2 - 3*u. Let l(w) = -w**2 - 6*w + 9. Let g be l(-7). Let j be v(g). What is the highest common divisor of 130 and j?
26
Let a = 34 + -48. Let d = a - -38. What is the highest common factor of 60 and d?
12
Suppose 2 + 2 = 4*w. Let j be w + 1 - 4/(-4). Suppose -150 = -z - 4*z. Calculate the highest common factor of j and z.
3
Let r(g) = g**3 - g - 22. Let d be r(0). Let h = d - -50. Suppose 2*b = 2*k + k - h, -k + 24 = 3*b. Calculate the greatest common factor of k and 12.
12
Let t(n) = -2*n - 1. Let j be t(-2). Suppose -4*s + 87 = 3*m, -j*m + 86 = 4*s - m. What is the highest common divisor of s and 189?
21
Let h be (-2)/(-6) - (-76)/6. Let s(y) = y**3 + 5*y**2 - y - 7. Let u be s(-5). Let f be 2*(u + 1 + 66). Calculate the highest common factor of h and f.
13
Suppose -20 = y - 24. Suppose 5*a = -3 + 18. Suppose -y*i + 129 = -3*w, 0 = -a*i - w - 2 + 89. Calculate the highest common divisor of 15 and i.
15
Let v(x) = -14*x + 1. Let z be v(-3). Let d = -28 + z. Suppose 4*p + 2 = n, -p - 50 = -4*n - 6*p. Calculate the greatest common divisor of n and d.
5
Let t(n) = 135 + 6*n**2 - n**2 - 4*n**2. Let l be t(0). Suppose 0 = y - 0*y - 15. What is the greatest common divisor of l and y?
15
Let h = -3 + 4. Let b(z) = -2*z**2 - z + z + 13*z**3 + z. Let x be b(h). What is the highest common divisor of x and 84?
12
Let z(c) = c**2 + 37. Let n be z(0). Let p be n/3 + (-1)/3. Let j(y) = y**2 + 3*y - 7. Let b be j(-5). What is the greatest common divisor of p and b?
3
Suppose -v + 29 = 2*r, -2*v - r = -4*v + 43. Calculate the greatest common factor of 161 and v.
23
Let g(t) = t**3 + 8*t**2 - 11*t - 1. Let f be g(-9). Suppose d - 66 = -a, -2*d + 138 = a - 2*a. What is the greatest common factor of d and f?
17
Let s be 6/2 - (-1 + -2). Suppose -s*w - 2*d = -w - 64, 0 = w + 5*d - 22. Let r be (32/(-20))/((-1)/5). What is the greatest common divisor of w and r?
4
Suppose -2*p - 4*b = -5*b - 27, -p + 27 = 4*b. Calculate the highest common factor of 120 and p.
15
Let k = 12 + -6. Let a(b) = -b + 4. Let z be a(1). Suppose -z*g + 22 = -14. What is the greatest common divisor of k and g?
6
Suppose 0 = 4*s, -s - 4 = -f + 2. Suppose -4*h = -7*h + f. Let m be h/4 - (-23)/2. Calculate the greatest common factor of 3 and m.
3
Let h(g) = 2*g**2 - 4*g - 2. Let b be h(-3). Suppose -5*m + b = -92. What is the highest common factor of m and 120?
24
Let m(g) = -20*g. Let l = -2 + 1. Let q be m(l). Let f = 737 + -517. Calculate the highest common factor of f and q.
20
Let s be 68/(-3)*12/(-8). What is the highest common divisor of s and 17?
17
Let p be 241/8 - (-8)/(1 - 65). What is the highest common factor of 120 and p?
30
Suppose -d - 164 = -4*d - 2*f, -165 = -3*d - 3*f. Let b(j) = j**3 + 8*j**2 + 3*j + 8. Let q be b(-7). What is the greatest common factor of d and q?
18
Let l = 7 - 5. Let u(c) = c**2 + 3 + 51*c - 30*c - 24*c. Let x be u(l). Calculate the greatest common divisor of x and 2.
1
Let o = -20 - -24. What is the highest common divisor of o and 32?
4
Suppose p - 123 = -4*y, 20 = y - 5*p - 37. Calculate the greatest common factor of 8 and y.
8
Let w = -7 